{"id":116,"date":"2017-08-02T17:55:05","date_gmt":"2017-08-02T15:55:05","guid":{"rendered":"http:\/\/pointformation-laval.fr\/?page_id=116"},"modified":"2019-09-17T15:36:44","modified_gmt":"2019-09-17T13:36:44","slug":"salaries","status":"publish","type":"page","link":"http:\/\/pointformation-laval.fr\/index.php\/salaries\/","title":{"rendered":"Salari\u00e9s"},"content":{"rendered":"<h2>Vous \u00eates salari\u00e9!<\/h2>\n<p id=\"stcpDiv\">Votre formation peut \u00eatre prise en charge au titre du CPF (qui remplace le DIF), du CIF, du Plan de Formation de votre entreprise ou du contrat de professionnalisation.<\/p>\n<h3>Le CPF (Compte Personnel de Formation) :<\/h3>\n<p>Depuis le 2 janvier 2015, le CPF a remplac\u00e9 le DIF (Droit Individuel \u00e0 la Formation). C\u2019est un dispositif qui s\u2019adresse aux\u00a0salari\u00e9s du priv\u00e9, mais aussi aux\u00a0personnes sans emploi (inscrites ou non \u00e0 P\u00f4le emploi ), ainsi qu\u2019aux\u00a0jeunes sortis du syst\u00e8me scolaire obligatoire, en recherche d\u2019emploi. Il permet de cumuler 24h de formation par an, jusqu\u2019\u00e0 un total de 150h. Vos anciennes heures de DIF sont converties en heures CPF. Mais contrairement au DIF, vous n\u2019avez plus besoin de l\u2019autorisation de votre employeur pour utiliser votre cr\u00e9dit de formation, \u00e0 condition que la formation se d\u00e9roule en dehors du temps de travail. Autre diff\u00e9rence par rapport au DIF : votre formation doit obligatoirement faire partie de la liste des formations \u00e9ligibles CPF, consultable sur le site <a href=\"http:\/\/www.moncompteformation.gouv.fr\">moncompteformation.gouv.fr.<\/a><\/p>\n<h3>Le CPF de transition professionnelle :<\/h3>\n<p>Le CPF de transition professionnelle est un nouveau dispositif qui remplace le Cong\u00e9 individuel de formation depuis le 1er janvier 2019. Le CPF de transition professionnelle permet \u00e0 tout salari\u00e9, au cours de sa vie professionnelle, de suivre \u00e0 son initiative et \u00e0 titre individuel, une formation longue en vue de changer de m\u00e9tier ou de profession.<br \/>\nCe dispositif vise \u00e0 financer une action de formation certifiante.<\/p>\n<p><strong><em>Qui peut en b\u00e9n\u00e9ficier ?<\/em><\/strong><\/p>\n<p>Le salari\u00e9 en CDI doit justifier d\u2019une anciennet\u00e9 de 24 mois, discontinue ou non, en qualit\u00e9 de salari\u00e9, dont 12 mois dans la m\u00eame entreprise, quelle que soit la nature des contrats de travail successifs.<br \/>\nLe CPF de transition est accessible \u00e9galement au salari\u00e9 en CDD, durant son CDD ou pendant une p\u00e9riode de ch\u00f4mage.<br \/>\nLe demandeur doit se pr\u00e9valoir d\u2019une anciennet\u00e9, en qualit\u00e9 de salari\u00e9, de 24 mois, cons\u00e9cutifs ou non, au cours des 5 derni\u00e8res ann\u00e9es, dont 4 mois en CDD, cons\u00e9cutifs ou non, au cours des 12 derniers mois.<br \/>\nAttention le demandeur ex-CDD doit d\u00e9buter sa formation 6 mois maximum apr\u00e8s la fin de son dernier contrat en CDD.<\/p>\n<h3>Le Plan de formation de votre entreprise :<\/h3>\n<p>Le plan de formation regroupe l\u2019ensemble des actions et des mesures retenues par l\u2019employeur au regard de la strat\u00e9gie de l\u2019entreprise et de ses projets de d\u00e9veloppement dont actions de formation, de bilans de comp\u00e9tences et de validation des acquis de l\u2019exp\u00e9rience. Tous les ans le plan de formation fait l\u2019objet d\u2019une consultation des repr\u00e9sentants du personnel int\u00e9gr\u00e9e dans le cadre de la consultation annuelle sur la politique sociale de l\u2019entreprise, les conditions de travail et l\u2019emploi.<\/p>\n<h3>Le Contrat de Professionnalisation :<\/h3>\n<p>Le contrat de professionnalisation est un contrat de travail, le plus souvent conclu \u00e0 dur\u00e9e d\u00e9termin\u00e9e. Sa dur\u00e9e est suffisamment longue pour permettre d\u2019acqu\u00e9rir une qualification. Ce contrat en alternance est le moyen d\u2019apprendre un m\u00e9tier et de le mettre rapidement en pratique. Au final, les titulaires de ce contrat obtiendront une qualification enregistr\u00e9e dans le R\u00e9pertoire national de certification professionnelle ou reconnues dans les classifications d&rsquo;une convention nationale de branche ou figurant sur la liste ouvrant droit \u00e0 une certification professionnelle.<\/p>\n","protected":false},"excerpt":{"rendered":"<p>Vous \u00eates salari\u00e9! Votre formation peut \u00eatre prise en charge au titre du CPF (qui remplace le DIF), du CIF, du Plan de Formation de votre entreprise ou du contrat de professionnalisation. Le CPF (Compte Personnel de Formation) : Depuis le 2 janvier 2015, le CPF a remplac\u00e9 le DIF\u2026<\/p>\n<p> <a class=\"continue-reading-link\" href=\"http:\/\/pointformation-laval.fr\/index.php\/salaries\/\"><span>Continue reading<\/span><i class=\"crycon-right-dir\"><\/i><\/a> <\/p>\n","protected":false},"author":1,"featured_media":0,"parent":0,"menu_order":0,"comment_status":"closed","ping_status":"closed","template":"","meta":{"footnotes":""},"class_list":["post-116","page","type-page","status-publish","hentry"],"aioseo_notices":[],"_links":{"self":[{"href":"http:\/\/pointformation-laval.fr\/index.php\/wp-json\/wp\/v2\/pages\/116","targetHints":{"allow":["GET"]}}],"collection":[{"href":"http:\/\/pointformation-laval.fr\/index.php\/wp-json\/wp\/v2\/pages"}],"about":[{"href":"http:\/\/pointformation-laval.fr\/index.php\/wp-json\/wp\/v2\/types\/page"}],"author":[{"embeddable":true,"href":"http:\/\/pointformation-laval.fr\/index.php\/wp-json\/wp\/v2\/users\/1"}],"replies":[{"embeddable":true,"href":"http:\/\/pointformation-laval.fr\/index.php\/wp-json\/wp\/v2\/comments?post=116"}],"version-history":[{"count":7,"href":"http:\/\/pointformation-laval.fr\/index.php\/wp-json\/wp\/v2\/pages\/116\/revisions"}],"predecessor-version":[{"id":621,"href":"http:\/\/pointformation-laval.fr\/index.php\/wp-json\/wp\/v2\/pages\/116\/revisions\/621"}],"wp:attachment":[{"href":"http:\/\/pointformation-laval.fr\/index.php\/wp-json\/wp\/v2\/media?parent=116"}],"curies":[{"name":"wp","href":"https:\/\/api.w.org\/{rel}","templated":true}]}}

Salariés

<h2>Vous êtes salarié!</h2>
<p id="stcpDiv">Votre formation peut être prise en charge au titre du CPF (qui remplace le DIF), du CIF, du Plan de Formation de votre entreprise ou du contrat de professionnalisation.</p>
<h3>Le CPF (Compte Personnel de Formation) :</h3>
<p>Depuis le 2 janvier 2015, le CPF a remplacé le DIF (Droit Individuel à la Formation). C’est un dispositif qui s’adresse aux salariés du privé, mais aussi aux personnes sans emploi (inscrites ou non à Pôle emploi ), ainsi qu’aux jeunes sortis du système scolaire obligatoire, en recherche d’emploi. Il permet de cumuler 24h de formation par an, jusqu’à un total de 150h. Vos anciennes heures de DIF sont converties en heures CPF. Mais contrairement au DIF, vous n’avez plus besoin de l’autorisation de votre employeur pour utiliser votre crédit de formation, à condition que la formation se déroule en dehors du temps de travail. Autre différence par rapport au DIF : votre formation doit obligatoirement faire partie de la liste des formations éligibles CPF, consultable sur le site <a href="http://www.moncompteformation.gouv.fr">moncompteformation.gouv.fr.</a></p>
<h3>Le CPF de transition professionnelle :</h3>
<p>Le CPF de transition professionnelle est un nouveau dispositif qui remplace le Congé individuel de formation depuis le 1er janvier 2019. Le CPF de transition professionnelle permet à tout salarié, au cours de sa vie professionnelle, de suivre à son initiative et à titre individuel, une formation longue en vue de changer de métier ou de profession.<br />
Ce dispositif vise à financer une action de formation certifiante.</p>
<p><strong><em>Qui peut en bénéficier ?</em></strong></p>
<p>Le salarié en CDI doit justifier d’une ancienneté de 24 mois, discontinue ou non, en qualité de salarié, dont 12 mois dans la même entreprise, quelle que soit la nature des contrats de travail successifs.<br />
Le CPF de transition est accessible également au salarié en CDD, durant son CDD ou pendant une période de chômage.<br />
Le demandeur doit se prévaloir d’une ancienneté, en qualité de salarié, de 24 mois, consécutifs ou non, au cours des 5 dernières années, dont 4 mois en CDD, consécutifs ou non, au cours des 12 derniers mois.<br />
Attention le demandeur ex-CDD doit débuter sa formation 6 mois maximum après la fin de son dernier contrat en CDD.</p>
<h3>Le Plan de formation de votre entreprise :</h3>
<p>Le plan de formation regroupe l’ensemble des actions et des mesures retenues par l’employeur au regard de la stratégie de l’entreprise et de ses projets de développement dont actions de formation, de bilans de compétences et de validation des acquis de l’expérience. Tous les ans le plan de formation fait l’objet d’une consultation des représentants du personnel intégrée dans le cadre de la consultation annuelle sur la politique sociale de l’entreprise, les conditions de travail et l’emploi.</p>
<h3>Le Contrat de Professionnalisation :</h3>
<p>Le contrat de professionnalisation est un contrat de travail, le plus souvent conclu à durée déterminée. Sa durée est suffisamment longue pour permettre d’acquérir une qualification. Ce contrat en alternance est le moyen d’apprendre un métier et de le mettre rapidement en pratique. Au final, les titulaires de ce contrat obtiendront une qualification enregistrée dans le Répertoire national de certification professionnelle ou reconnues dans les classifications d&rsquo;une convention nationale de branche ou figurant sur la liste ouvrant droit à une certification professionnelle.</p>

<p>Vous êtes salarié! Votre formation peut être prise en charge au titre du CPF (qui remplace le DIF), du CIF, du Plan de Formation de votre entreprise ou du contrat de professionnalisation. Le CPF (Compte Personnel de Formation) : Depuis le 2 janvier 2015, le CPF a remplacé le DIF…</p>
<p> <a class="continue-reading-link" href="http://pointformation-laval.fr/index.php/salaries/"><span>Continue reading</span><i class="crycon-right-dir"></i></a> </p>
