{"id":72,"date":"2017-03-30T20:49:06","date_gmt":"2017-03-30T18:49:06","guid":{"rendered":"http:\/\/pointformation-laval.fr\/?page_id=72"},"modified":"2023-08-29T15:01:00","modified_gmt":"2023-08-29T13:01:00","slug":"financements","status":"publish","type":"page","link":"http:\/\/pointformation-laval.fr\/index.php\/financements\/","title":{"rendered":"Financements"},"content":{"rendered":"<p style=\"text-align: justify;\">L\u2019intention de la R\u00e9forme de la Formation a pour objectif de permettre \u00e0 chacun de se former tout au long de sa vie \u00abactive\u00bb (et non plus \u00ab\u00a0professionnelle \u00bb), ce qui rend la formation<strong> accessible pour chacun<\/strong>, quelle que soit sa situation : en entreprise, en pr\u00e9paration de son entr\u00e9e sur le march\u00e9 du travail mais \u00e9galement pendant les p\u00e9riodes de ch\u00f4mage.<br \/>Selon son statut, le stagiaire de formation peut pr\u00e9tendre \u00e0 diff\u00e9rentes possibilit\u00e9s de financement : financement par <strong>l&rsquo;entreprise<\/strong> elle-m\u00eame, <strong>Compte Personnel de Formation<\/strong> (CPF), P\u00e9riode de <strong>Professionnalisation<\/strong>, <strong>CPF de Transition avec Transition Pro<\/strong>\u00a0ou\u2026 une combinaison de ces diff\u00e9rents modes. Avec des \u00ab actifs \u00bb mieux form\u00e9s, les entreprises doivent pouvoir b\u00e9n\u00e9ficier d\u2019une population de salari\u00e9s et de futurs salari\u00e9s mieux pr\u00e9par\u00e9s \u00e0 leurs besoins d\u2019adaptation\u2026<\/p>\n<hr \/>\n<p>Il existe donc une possibilit\u00e9 de financement en fonction de votre situation.<\/p>\n\n\n<figure class=\"wp-block-gallery has-nested-images columns-default is-cropped wp-block-gallery-1 is-layout-flex wp-block-gallery-is-layout-flex\">\n<figure class=\"wp-block-image size-large\"><a href=\"http:\/\/pointformation-laval.fr\/index.php\/salaries\/\"><img fetchpriority=\"high\" decoding=\"async\" width=\"333\" height=\"400\" data-id=\"105\" src=\"http:\/\/pointformation-laval.fr\/wp-content\/uploads\/2017\/08\/2-OK.jpg\" alt=\"\" class=\"wp-image-105\" srcset=\"http:\/\/pointformation-laval.fr\/wp-content\/uploads\/2017\/08\/2-OK.jpg 333w, http:\/\/pointformation-laval.fr\/wp-content\/uploads\/2017\/08\/2-OK-250x300.jpg 250w, http:\/\/pointformation-laval.fr\/wp-content\/uploads\/2017\/08\/2-OK-125x150.jpg 125w\" sizes=\"(max-width: 333px) 100vw, 333px\" \/><\/a><\/figure>\n\n\n\n<figure class=\"wp-block-image size-large\"><a href=\"http:\/\/pointformation-laval.fr\/index.php\/demandeurs-demploi\/\"><img decoding=\"async\" width=\"333\" height=\"400\" data-id=\"104\" src=\"http:\/\/pointformation-laval.fr\/wp-content\/uploads\/2017\/08\/1-OK.jpg\" alt=\"\" class=\"wp-image-104\" srcset=\"http:\/\/pointformation-laval.fr\/wp-content\/uploads\/2017\/08\/1-OK.jpg 333w, http:\/\/pointformation-laval.fr\/wp-content\/uploads\/2017\/08\/1-OK-250x300.jpg 250w, http:\/\/pointformation-laval.fr\/wp-content\/uploads\/2017\/08\/1-OK-125x150.jpg 125w\" sizes=\"(max-width: 333px) 100vw, 333px\" \/><\/a><\/figure>\n\n\n\n<figure class=\"wp-block-image size-large\"><a href=\"http:\/\/pointformation-laval.fr\/index.php\/createurs-dentreprise\/\"><img decoding=\"async\" width=\"333\" height=\"400\" data-id=\"106\" src=\"http:\/\/pointformation-laval.fr\/wp-content\/uploads\/2017\/08\/3-OK.jpg\" alt=\"\" class=\"wp-image-106\" srcset=\"http:\/\/pointformation-laval.fr\/wp-content\/uploads\/2017\/08\/3-OK.jpg 333w, http:\/\/pointformation-laval.fr\/wp-content\/uploads\/2017\/08\/3-OK-250x300.jpg 250w, http:\/\/pointformation-laval.fr\/wp-content\/uploads\/2017\/08\/3-OK-125x150.jpg 125w\" sizes=\"(max-width: 333px) 100vw, 333px\" \/><\/a><\/figure>\n<\/figure>\n","protected":false},"excerpt":{"rendered":"<p>L\u2019intention de la R\u00e9forme de la Formation a pour objectif de permettre \u00e0 chacun de se former tout au long de sa vie \u00abactive\u00bb (et non plus \u00ab\u00a0professionnelle \u00bb), ce qui rend la formation accessible pour chacun, quelle que soit sa situation : en entreprise, en pr\u00e9paration de son entr\u00e9e\u2026<\/p>\n<p> <a class=\"continue-reading-link\" href=\"http:\/\/pointformation-laval.fr\/index.php\/financements\/\"><span>Continue reading<\/span><i class=\"crycon-right-dir\"><\/i><\/a> <\/p>\n","protected":false},"author":1,"featured_media":0,"parent":0,"menu_order":0,"comment_status":"closed","ping_status":"closed","template":"","meta":{"footnotes":""},"class_list":["post-72","page","type-page","status-publish","hentry"],"aioseo_notices":[],"_links":{"self":[{"href":"http:\/\/pointformation-laval.fr\/index.php\/wp-json\/wp\/v2\/pages\/72","targetHints":{"allow":["GET"]}}],"collection":[{"href":"http:\/\/pointformation-laval.fr\/index.php\/wp-json\/wp\/v2\/pages"}],"about":[{"href":"http:\/\/pointformation-laval.fr\/index.php\/wp-json\/wp\/v2\/types\/page"}],"author":[{"embeddable":true,"href":"http:\/\/pointformation-laval.fr\/index.php\/wp-json\/wp\/v2\/users\/1"}],"replies":[{"embeddable":true,"href":"http:\/\/pointformation-laval.fr\/index.php\/wp-json\/wp\/v2\/comments?post=72"}],"version-history":[{"count":15,"href":"http:\/\/pointformation-laval.fr\/index.php\/wp-json\/wp\/v2\/pages\/72\/revisions"}],"predecessor-version":[{"id":935,"href":"http:\/\/pointformation-laval.fr\/index.php\/wp-json\/wp\/v2\/pages\/72\/revisions\/935"}],"wp:attachment":[{"href":"http:\/\/pointformation-laval.fr\/index.php\/wp-json\/wp\/v2\/media?parent=72"}],"curies":[{"name":"wp","href":"https:\/\/api.w.org\/{rel}","templated":true}]}}