{"id":503,"date":"2018-01-29T12:01:28","date_gmt":"2018-01-29T11:01:28","guid":{"rendered":"http:\/\/pointformation-laval.fr\/?page_id=503"},"modified":"2023-09-21T16:29:44","modified_gmt":"2023-09-21T14:29:44","slug":"administration-commerciale-et-communication","status":"publish","type":"page","link":"https:\/\/pointformation-laval.fr\/index.php\/administration-commerciale-et-communication\/","title":{"rendered":"Administration commerciale et communication"},"content":{"rendered":"\t\t<div data-elementor-type=\"wp-page\" data-elementor-id=\"503\" class=\"elementor elementor-503\">\n\t\t\t\t\t\t<section class=\"elementor-section elementor-top-section elementor-element elementor-element-15288a4e elementor-section-boxed elementor-section-height-default elementor-section-height-default\" data-id=\"15288a4e\" data-element_type=\"section\" data-e-type=\"section\">\n\t\t\t\t\t\t<div class=\"elementor-container elementor-column-gap-default\">\n\t\t\t\t\t<div class=\"elementor-column elementor-col-100 elementor-top-column elementor-element elementor-element-202ef835\" data-id=\"202ef835\" data-element_type=\"column\" data-e-type=\"column\">\n\t\t\t<div class=\"elementor-widget-wrap elementor-element-populated\">\n\t\t\t\t\t\t<div class=\"elementor-element elementor-element-1064a88 elementor-widget elementor-widget-heading\" data-id=\"1064a88\" data-element_type=\"widget\" data-e-type=\"widget\" data-widget_type=\"heading.default\">\n\t\t\t\t<div class=\"elementor-widget-container\">\n\t\t\t\t\t<h4 class=\"elementor-heading-title elementor-size-default\">Administration commerciale et communication<\/h4>\t\t\t\t<\/div>\n\t\t\t\t<\/div>\n\t\t\t\t<div class=\"elementor-element elementor-element-51353715 elementor-widget elementor-widget-text-editor\" data-id=\"51353715\" data-element_type=\"widget\" data-e-type=\"widget\" data-widget_type=\"text-editor.default\">\n\t\t\t\t<div class=\"elementor-widget-container\">\n\t\t\t\t\t\t\t\t\t<p><span style=\"font-family: Roboto, sans-serif; font-size: 16px; font-style: normal; font-variant-ligatures: normal; font-variant-caps: normal; font-weight: 400;\">Vous souhaitez acqu\u00e9rir les comp\u00e9tences pour assurer de fa\u00e7on polyvalente la communication de l&rsquo;entreprise et la gestion des activit\u00e9s commerciales et plus particuli\u00e8rement\u00a0 concevoir et r\u00e9diger divers documents \u00e0 usage administratif et-ou commercial, g\u00e9rer le secr\u00e9tariat commercial de l&rsquo;entreprise (communication, organisation, gestion de dossiers) et ma\u00eetriser les outils de bureautique, venez d\u00e9couvrir notre formation ASCOM.<\/span><\/p>\t\t\t\t\t\t\t\t<\/div>\n\t\t\t\t<\/div>\n\t\t\t\t\t<\/div>\n\t\t<\/div>\n\t\t\t\t\t<\/div>\n\t\t<\/section>\n\t\t\t\t<section class=\"elementor-section elementor-top-section elementor-element elementor-element-20523b74 elementor-section-boxed elementor-section-height-default elementor-section-height-default\" data-id=\"20523b74\" data-element_type=\"section\" data-e-type=\"section\">\n\t\t\t\t\t\t<div class=\"elementor-container elementor-column-gap-default\">\n\t\t\t\t\t<div class=\"elementor-column elementor-col-100 elementor-top-column elementor-element elementor-element-4d1a06b4\" data-id=\"4d1a06b4\" data-element_type=\"column\" data-e-type=\"column\">\n\t\t\t<div class=\"elementor-widget-wrap elementor-element-populated\">\n\t\t\t\t\t\t<div class=\"elementor-element elementor-element-405d260a elementor-widget elementor-widget-image\" data-id=\"405d260a\" data-element_type=\"widget\" data-e-type=\"widget\" data-widget_type=\"image.default\">\n\t\t\t\t<div class=\"elementor-widget-container\">\n\t\t\t\t\t\t\t\t\t\t\t\t<figure class=\"wp-caption\">\n\t\t\t\t\t\t\t\t\t\t\t<a href=\"http:\/\/pointformation-laval.fr\/index.php\/titre-assistante-dadministration-commerciale-et-de-communication-tpe-pme\/\">\n\t\t\t\t\t\t\t<img fetchpriority=\"high\" decoding=\"async\" width=\"640\" height=\"200\" src=\"https:\/\/pointformation-laval.fr\/wp-content\/uploads\/2023\/09\/ASCOM-640x200.jpg\" class=\"attachment-header size-header wp-image-1359\" alt=\"\" \/>\t\t\t\t\t\t\t\t<\/a>\n\t\t\t\t\t\t\t\t\t\t\t<figcaption class=\"widget-image-caption wp-caption-text\"><\/figcaption>\n\t\t\t\t\t\t\t\t\t\t<\/figure>\n\t\t\t\t\t\t\t\t\t<\/div>\n\t\t\t\t<\/div>\n\t\t\t\t\t<\/div>\n\t\t<\/div>\n\t\t\t\t\t<\/div>\n\t\t<\/section>\n\t\t\t\t<\/div>\n\t\t","protected":false},"excerpt":{"rendered":"<p>Administration commerciale et communication Vous souhaitez acqu\u00e9rir les comp\u00e9tences pour assurer de fa\u00e7on polyvalente la communication de l&rsquo;entreprise et la gestion des activit\u00e9s commerciales et plus particuli\u00e8rement\u00a0 concevoir et r\u00e9diger divers documents \u00e0 usage administratif et-ou commercial, g\u00e9rer le secr\u00e9tariat commercial de l&rsquo;entreprise (communication, organisation, gestion de dossiers) et ma\u00eetriser\u2026<\/p>\n<p> <a class=\"continue-reading-link\" href=\"https:\/\/pointformation-laval.fr\/index.php\/administration-commerciale-et-communication\/\"><span>Continue reading<\/span><i class=\"crycon-right-dir\"><\/i><\/a> <\/p>\n","protected":false},"author":1,"featured_media":0,"parent":0,"menu_order":0,"comment_status":"closed","ping_status":"closed","template":"","meta":{"footnotes":""},"class_list":["post-503","page","type-page","status-publish","hentry"],"aioseo_notices":[],"_links":{"self":[{"href":"https:\/\/pointformation-laval.fr\/index.php\/wp-json\/wp\/v2\/pages\/503","targetHints":{"allow":["GET"]}}],"collection":[{"href":"https:\/\/pointformation-laval.fr\/index.php\/wp-json\/wp\/v2\/pages"}],"about":[{"href":"https:\/\/pointformation-laval.fr\/index.php\/wp-json\/wp\/v2\/types\/page"}],"author":[{"embeddable":true,"href":"https:\/\/pointformation-laval.fr\/index.php\/wp-json\/wp\/v2\/users\/1"}],"replies":[{"embeddable":true,"href":"https:\/\/pointformation-laval.fr\/index.php\/wp-json\/wp\/v2\/comments?post=503"}],"version-history":[{"count":19,"href":"https:\/\/pointformation-laval.fr\/index.php\/wp-json\/wp\/v2\/pages\/503\/revisions"}],"predecessor-version":[{"id":1532,"href":"https:\/\/pointformation-laval.fr\/index.php\/wp-json\/wp\/v2\/pages\/503\/revisions\/1532"}],"wp:attachment":[{"href":"https:\/\/pointformation-laval.fr\/index.php\/wp-json\/wp\/v2\/media?parent=503"}],"curies":[{"name":"wp","href":"https:\/\/api.w.org\/{rel}","templated":true}]}}